or of a and 38216.
136
Suppose -2*z + 492*g - 488*g = -240, z - 3*g - 120 = 0. Calculate the highest common divisor of 30840 and z.
120
Suppose 289*k - 287*k = -74. Let b = 44 + k. Calculate the highest common factor of 1 and b.
1
Let u(b) = b**3 - 4*b**2 + 8*b. Let a be u(6). Let l be 38 - ((-6)/7)/((-336)/5488). What is the highest common divisor of l and a?
24
Suppose -13*m = -2*d - 8*m - 20, 0 = 5*d - 5*m + 20. Suppose 5*p + 0*p - 115 = d. Suppose -479 = 5*h - 1514. What is the greatest common divisor of p and h?
23
Let h(j) = 2*j + 19. Let l(y) = y**2 - 9*y - 22. Let w be l(12). Suppose -w = 4*k - 2*k. Let u be h(k). What is the greatest common divisor of u and 15?
5
Suppose 3 + 0 = -3*h. Suppose 0 = 38*o - 31*o - 14. Let r be 1*(h - -71)/o. Calculate the highest common divisor of 5 and r.
5
Suppose 3*a + 36*s - 8937 = 34*s, -4*a - 3*s = -11917. Calculate the highest common divisor of a and 52.
13
Suppose -4*z = -2*z - 5*h - 549, -2*h = -2. Let u = z + -97. Let v(n) = -2*n - 16. Let m be v(-18). What is the greatest common divisor of m and u?
20
Let k be (-26658)/(-171) - (-2)/19. Calculate the greatest common factor of 72 and k.
12
Let v = -499 + 507. Suppose -w - 130 = -5*c, -v*w + 4*w = 20. What is the highest common factor of 3 and c?
1
Let r = 31108 - 27910. What is the greatest common factor of 6 and r?
6
Let k(g) = -5*g - 3. Let m be k(-3). Suppose -127*x + 123*x + 440 = 0. Let h = x - 26. Calculate the greatest common factor of h and m.
12
Suppose -72*s - 31*s + 31930 = 0. Calculate the greatest common factor of 1674 and s.
62
Let o = 66 - 55. Suppose 0 = 17*j - o*j - 12. Let k(z) = -11*z + 148. Let l be k(12). Calculate the greatest common factor of l and j.
2
Suppose -6*w - 28 = -4*c - 4*w, -119 = -17*c + w. Let x(n) = 9*n**3 - n**2 - 2*n + 1. Let i be x(4). What is the highest common factor of i and c?
7
Let m = -4269 + 6760. Suppose -601 = 3*v - m. Suppose 4*n + v = 6*n. Calculate the highest common divisor of n and 35.
35
Suppose 247*a - 3259947 = 192*a + 1170358. Calculate the highest common divisor of 109 and a.
109
Let k = 1142 - 1107. Suppose 5*n - 4*c - 40 = 26, -2*n - 2*c + 30 = 0. Calculate the highest common divisor of n and k.
7
Suppose 53*r - 288 = -68*r + 112*r. Let x(v) = 63*v - 9. Let k be x(7). Calculate the greatest common factor of k and r.
16
Suppose -4*v - 50 = -18, 4*u - 3*v - 32 - 392 = 0. Let q be ((-4)/(-5))/(8/80). What is the highest common divisor of u and q?
4
Suppose -41*u = -3*v - 44*u + 249, 0 = 5*v - u - 445. Calculate the highest common divisor of 7117 and v.
11
Suppose -34643 = 15*u - 119018. Suppose 0 = r + 5*d - 1107, 9*d - 4*d = 5*r - u. What is the highest common divisor of r and 51?
51
Suppose 78 + 197 = 5*k + 5*q, q - 279 = -5*k. Let m = -38 - -99. Suppose -4*z - 5 = -m. Calculate the greatest common divisor of z and k.
14
Let r(u) = u**3 - 7*u**2 + u - 4. Let s be r(7). Let y be (-6)/(s*2/(-6)). Let h be (-97)/(-1) + y + 16/(-4). Calculate the greatest common factor of 11 and h.
11
Let q(h) = 7*h**3 + 9*h**2 - 5*h + 133. Let s be q(9). What is the greatest common divisor of 1920 and s?
160
Let w be 9 + -12 - 4/(-2). Let u be (6*w)/((-42)/28). Calculate the highest common factor of u and 8.
4
Let v = 358 - -514. Let g = v + -612. What is the highest common divisor of g and 65?
65
Let c = 1650 + -795. Suppose 0 = 3*p + 4*y - 530, -y + c = 17*p - 12*p. Suppose 0 = o - 5*o + 272. What is the highest common factor of p and o?
34
Suppose -5*f = 25, 2*y - f + 61 = -0*f. Let d = -1 - y. Suppose -2*t + 10 = 3*t. What is the highest common divisor of d and t?
2
Suppose 69 = z + 67, -3*v + 6474 = 3*z. What is the greatest common factor of v and 140?
28
Suppose 2*w = 6*w + 12, -3*w = -3*f + 1215. Suppose 3*p - 508 = -3*z - 106, -3*p + f = -z. What is the greatest common divisor of 4 and p?
2
Suppose -22*y - 510 = -25*y. Let m = y + -98. Let t be (-8)/14 + 2278/238. What is the greatest common factor of t and m?
9
Let y(g) = -3*g**2 + 9*g. Let m(n) = -8*n**2 + 18*n + 1. Let c(w) = -2*m(w) + 5*y(w). Let v be c(17). What is the highest common divisor of 22 and v?
22
Suppose -44*t = -35*t + 1764. Let v = 1082 - t. Calculate the greatest common factor of 18 and v.
18
Let w(q) = q + 3. Let a be (-5)/((-25)/15) - -4. Let g be w(a). Suppose -20*d - 32 = -28*d. What is the highest common divisor of d and g?
2
Let y = -1203 - -1223. Suppose 26*g - 126 = y*g. Let l = -45 + 192. Calculate the highest common factor of g and l.
21
Let f = 3026 + -2963. Calculate the greatest common factor of f and 462.
21
Let f be ((-4)/(-6))/1*861/41. Calculate the greatest common divisor of 15 and f.
1
Suppose 0 = -2*l, 22 = -i - 3*l + 6*l. Suppose 3*a + 389 = 5*s - 92, -4*a = -12. Let g = s - i. What is the greatest common factor of g and 24?
24
Suppose 7622*a - 7612*a - 20 = 0. What is the highest common divisor of 458 and a?
2
Let y(z) = -z**2 + 31*z + 46. Let v be y(33). Let k be (v/(-7))/(16/56). Suppose 3 = -3*t + 63. What is the greatest common factor of k and t?
10
Let o be 40/(-6)*(-5)/(35/294). Suppose 9*i - o = 13*i. Let w = i - -100. Calculate the highest common divisor of w and 15.
15
Let p(k) = 19*k - 71. Let d be p(-29). Let m = -610 - d. Let n(l) = -21*l + 3. Let r be n(-5). Calculate the greatest common divisor of r and m.
12
Let t(p) = -13*p**2 + 66*p - 2. Let f(v) = 11*v + 192. Let y be f(-17). Let q be t(y). What is the highest common divisor of q and 50?
1
Let l = 64 - 64. Suppose 0 = m + 4*o - l*o - 18, -18 = m - 5*o. Suppose -2*f + 35 = 3*n, 3*f - 30 = m*n + 16. What is the greatest common divisor of 128 and f?
16
Let o = -12673 + 15165. Calculate the highest common divisor of o and 890.
178
Let j = -25 + 115. Suppose -14*g + 7408 = 36*g + 658. What is the greatest common divisor of g and j?
45
Suppose 35*r = -6539 + 11019. Calculate the greatest common factor of 7360 and r.
64
Suppose 2*l = -5*b + 588 + 691, -l = -2*b + 499. Let o be -1*-23*(0 - -1). What is the highest common factor of o and b?
23
Let m be (-15)/(-21) - 4/(-14) - -119. Let h be ((-60)/(-14))/(2/(-14)). Let j = h + 54. What is the highest common divisor of m and j?
24
Let p(v) = 14*v**2 - 8*v + 8. Let o = -425 - -427. Let m be p(o). What is the highest common divisor of 176 and m?
16
Suppose -6 = 2*u + 6. Let i be (8/u)/((-8)/132). Let w be (12 - -42) + (1 - 0). What is the greatest common factor of w and i?
11
Let d(k) = -5*k**2 + k - 1. Let p be d(3). Let j = 43 + p. Let x(u) = u + 2. Let m be x(j). What is the highest common factor of m and 1?
1
Let r be (-22 - 1)*-622*(9 - 7)/4. Calculate the highest common factor of 69 and r.
23
Let v be (96/18)/((-50)/(-2325)). What is the greatest common factor of 9176 and v?
248
Let c(n) = -2*n**3 + 22*n**2 - 20*n - 1. Let h be c(10). Let p be 2*(-1*(-8)/1 + h). Let l be 3/2*(-14)/(-1). Calculate the highest common divisor of p and l.
7
Let o(v) = 2*v**2 + 142*v - 4823. Let u be o(26). What is the greatest common factor of 325 and u?
13
Let c = 734 - 726. Suppose 0 = -4*f - 3*n + c*n + 3030, 0 = -5*f + 5*n + 3790. Calculate the greatest common factor of 40 and f.
40
Let z be -2 - (76/(-12) - 20/30). Calculate the greatest common factor of z and 3715.
5
Let c be ((-75)/9)/25*-18. What is the greatest common divisor of 3702 and c?
6
Let r = 98 + -65. Suppose 4*z = -0*z + 3*h - 182, -2*z + h = 92. Let q = r - z. What is the highest common divisor of q and 20?
20
Suppose -61 + 317 = -4*l. Let k(b) = b**3 - 16*b**2 + 5*b - 10. Let t be k(16). Let x = l + t. Calculate the greatest common divisor of 54 and x.
6
Let i be -3*2/((-3)/(-3)). Let z be ((-3)/i)/((-3)/(-42)). Let q(t) = 7*t - 28. Let s be q(7). Calculate the greatest common factor of z and s.
7
Let i = 141 + -213. Let h be (-20)/(-35) + i/(-21). Suppose 3*t + w = -3 + 20, 0 = -h*t - w + 23. Calculate the greatest common factor of t and 6.
6
Suppose -9*h = 2*s - 4*h - 225, -2*s = -2*h - 260. Suppose 4*k - 67 = s. What is the highest common factor of k and 108?
12
Suppose -4*k - 2808 = -86*k + 4162. Calculate the highest common factor of 1241 and k.
17
Let j(u) be the second derivative of 5*u**3/6 - 9*u**2/2 + u. Let m be j(9). Let x = -11988 - -12060. Calculate the highest common divisor of x and m.
36
Let v = -2830 - -2865. Calculate the 